{"id":4372,"date":"2023-04-26T12:47:21","date_gmt":"2023-04-26T12:47:21","guid":{"rendered":"https:\/\/hersteragarden.com\/shop\/?page_id=4372"},"modified":"2025-06-16T15:27:37","modified_gmt":"2025-06-16T14:27:37","slug":"declaracion-de-accesibilidad","status":"publish","type":"page","link":"https:\/\/hersteragarden.com\/shop\/declaracion-de-accesibilidad\/","title":{"rendered":"Declaraci\u00f3n de accesibilidad"},"content":{"rendered":"\t\t<div data-elementor-type=\"wp-page\" data-elementor-id=\"4372\" class=\"elementor elementor-4372\">\n\t\t\t\t\t\t<section class=\"wd-negative-gap elementor-section elementor-top-section elementor-element elementor-element-dacf608 elementor-section-boxed elementor-section-height-default elementor-section-height-default\" data-id=\"dacf608\" data-element_type=\"section\" data-e-type=\"section\">\n\t\t\t\t\t\t<div class=\"elementor-container elementor-column-gap-default\">\n\t\t\t\t\t<div class=\"elementor-column elementor-col-100 elementor-top-column elementor-element elementor-element-6284d38\" data-id=\"6284d38\" data-element_type=\"column\" data-e-type=\"column\">\n\t\t\t<div class=\"elementor-widget-wrap elementor-element-populated\">\n\t\t\t\t\t\t<section class=\"wd-negative-gap elementor-section elementor-inner-section elementor-element elementor-element-20655ce elementor-section-boxed elementor-section-height-default elementor-section-height-default\" data-id=\"20655ce\" data-element_type=\"section\" data-e-type=\"section\">\n\t\t\t\t\t\t<div class=\"elementor-container elementor-column-gap-default\">\n\t\t\t\t\t<div class=\"elementor-column elementor-col-100 elementor-inner-column elementor-element elementor-element-272fba6\" data-id=\"272fba6\" data-element_type=\"column\" data-e-type=\"column\">\n\t\t\t<div class=\"elementor-widget-wrap elementor-element-populated\">\n\t\t\t\t\t\t<div class=\"elementor-element elementor-element-a35151c color-scheme-inherit text-left elementor-widget elementor-widget-text-editor\" data-id=\"a35151c\" data-element_type=\"widget\" data-e-type=\"widget\" data-widget_type=\"text-editor.default\">\n\t\t\t\t<div class=\"elementor-widget-container\">\n\t\t\t\t\t\t\t\t\t<p>HERSTERA GARDEN, S.L. se compromete en hacer accesible su sitio web de conformidad con el <a role=\"link\" href=\"https:\/\/www.boe.es\/diario_boe\/txt.php?id=BOE-A-2018-12699\" target=\"_blank\" rel=\"noopener noreferrer\">Real Decreto 1112\/2018, sobre accesibilidad de los sitios webs y aplicaciones para dispositivos m\u00f3viles del sector p\u00fablico.\u00a0<\/a><\/p><p>La presente declaraci\u00f3n de accesibilidad se aplica al sitio web herstera-shop.com<\/p><h2 class=\"text-4xl m-0 mb-3\">Situaci\u00f3n de cumplimiento<\/h2><p>Este sitio web es\u00a0<strong>parcialmente conforme<\/strong>\u00a0con el RD 1112\/2018 debido a la falta de conformidad de los aspectos que se indican a continuaci\u00f3n.<\/p><h2 class=\"text-4xl m-0 mb-3\">Contenido no accesible<\/h2><p>El contenido que se recoge a continuaci\u00f3n no es accesible por lo siguiente:<\/p><ul><li class=\"relative ml-5 list-disc\">falta de conformidad con el RD 1112\/2018<br \/><ul><li class=\"relative ml-5 list-disc\">Se pueden encontrar im\u00e1genes sin que acompa\u00f1e texto explicativo.<\/li><li class=\"relative ml-5 list-disc\">Se puede encontrar a\u00fan anidamientos incorrectos de etiquetas.<\/li><li class=\"relative ml-5 list-disc\">Podr\u00edan existir fallos de edici\u00f3n en la p\u00e1gina web.<\/li><\/ul><\/li><li class=\"relative ml-5 list-disc\">carga desproporcionada<ul><li class=\"relative ml-5 list-disc\">No aplica.<\/li><\/ul><\/li><li class=\"relative ml-5 list-disc\">el contenido no entra dentro del \u00e1mbito de la legislaci\u00f3n aplicable<ul><li class=\"relative ml-5 list-disc\">Existen archivos ofim\u00e1ticos en PDF que no cumplan en su totalidad todos los requisitos de accesibilidad.<\/li><\/ul><\/li><\/ul><p>\u00a0<\/p><h2 class=\"text-3xl m-0 mb-3\">Preparaci\u00f3n de la presente declaraci\u00f3n de accesibilidad:<\/h2><p>El m\u00e9todo empleado para preparar la declaraci\u00f3n ha sido una autoevaluaci\u00f3n llevada a cabo por el equipo de accesibilidad de la entidad.<\/p><p>\u00a0<\/p><h2 class=\"text-3xl m-0 mb-3\">Observaciones y datos de contacto:<\/h2><p>Puede realizar comunicaciones sobre requisitos de accesibilidad (art\u00edculo 10.2.a) del RD 1112\/2018) como por ejemplo:<\/p><p>1. Informar sobre cualquier posible incumplimiento por parte de este sitio web.<\/p><p>2. Transmitir otras dificultades de acceso al contenido<\/p><p>3. Formular cualquier otra consulta o sugerencia de mejora relativa a la accesibilidad del sitio web<\/p><p>A trav\u00e9s de <a href=\"info@hersteragarden.com\">nuestro\u00a0buz\u00f3n<\/a> de sugerencias, o de manera presencial en nuestra sede: CL CONCA DE BARBERA (POL.IND. PLA BRUGUERA), 14-16 \u2013 08211 CASTELLAR DEL VALL\u00c8S (Barcelona).\u00a0<\/p><p>Indicando en el Asunto: &#8220;Accesibilidad Web&#8221;\u00a0<\/p><p>Las comunicaciones ser\u00e1n recibidas y tratadas por el equipo de Accesibilidad.<\/p><h3><strong>Contenido opcional<\/strong><\/h3><p>En esta web se han adoptado una serie de medidas cuyo objetivo es mejorar la accesibilidad. Las ventajas que esto conlleva son, entre otras:<\/p><p>\u00a01. Facilitar el acceso de las personas independientemente de su condici\u00f3n f\u00edsica o de su entorno.<\/p><p>2. Incluir contenidos claros y bien estructurados.<\/p><p>\u00a03. Mejorar la navegaci\u00f3n y la experiencia del usuario.<\/p><p>Entre las medidas adoptadas:<\/p><p><strong>Bot\u00f3n lateral izquierdo de Accesibilidad<\/strong><\/p><p>En todas las p\u00e1ginas de la web, cuentan con un bot\u00f3n en el lateral izquierdo con s\u00edmbolo de accesibilidad, que cuando pinchamos en el se abre un &#8220;pop up&#8221; con las diferentes opciones de accesibilidad visual que pueden afectar a la p\u00e1gina web.<\/p><p><strong>Atajos de teclado<\/strong><\/p><ul><li class=\"relative ml-5 list-disc\">Internet Explorer 6 o superiores: ALT + Tecla de acceso r\u00e1pido + Tecla ENTER<\/li><li class=\"relative ml-5 list-disc\">Mozilla Firefox 2.0 o superiores: ALT + MAYUSCULAS + Tecla de acceso r\u00e1pido (configuraci\u00f3n &#8211; avanzada en navegador con dos teclas)<\/li><li class=\"relative ml-5 list-disc\">Opera: Tecla May\u00fasculas + Esc para activar las teclas de acceso r\u00e1pido<\/li><li class=\"relative ml-5 list-disc\">MacOS: CONTROL + Tecla de acceso r\u00e1pido.<\/li><li class=\"relative ml-5 list-disc\">Chrome: ALT + Tecla de acceso r\u00e1pido.<\/li><\/ul>\t\t\t\t\t\t\t\t<\/div>\n\t\t\t\t<\/div>\n\t\t\t\t\t<\/div>\n\t\t<\/div>\n\t\t\t\t\t<\/div>\n\t\t<\/section>\n\t\t\t\t\t<\/div>\n\t\t<\/div>\n\t\t\t\t\t<\/div>\n\t\t<\/section>\n\t\t\t\t<\/div>\n\t\t","protected":false},"excerpt":{"rendered":"<p>HERSTERA GARDEN, S.L. se compromete en hacer accesible su sitio web de conformidad con el Real Decreto 1112\/2018, sobre accesibilidad<\/p>\n","protected":false},"author":13280,"featured_media":0,"parent":0,"menu_order":0,"comment_status":"closed","ping_status":"closed","template":"","meta":{"_acf_changed":false,"footnotes":""},"class_list":["post-4372","page","type-page","status-publish","hentry"],"acf":[],"yoast_head":"<!-- This site is optimized with the Yoast SEO plugin v27.2 - https:\/\/yoast.com\/product\/yoast-seo-wordpress\/ -->\n<title>Declaraci\u00f3n de accesibilidad - Herstera<\/title>\n<meta name=\"robots\" content=\"noindex, nofollow\" \/>\n<meta property=\"og:locale\" content=\"es_ES\" \/>\n<meta property=\"og:type\" content=\"article\" \/>\n<meta property=\"og:title\" content=\"Declaraci\u00f3n de accesibilidad - Herstera\" \/>\n<meta property=\"og:description\" content=\"HERSTERA GARDEN, S.L. se compromete en hacer accesible su sitio web de conformidad con el Real Decreto 1112\/2018, sobre accesibilidad\" \/>\n<meta property=\"og:url\" content=\"https:\/\/hersteragarden.com\/shop\/declaracion-de-accesibilidad\/\" \/>\n<meta property=\"og:site_name\" content=\"Herstera\" \/>\n<meta property=\"article:publisher\" content=\"https:\/\/www.facebook.com\/p\/Herstera-Garden-SL-100069356703579\/?locale=es_ES\" \/>\n<meta property=\"article:modified_time\" content=\"2025-06-16T14:27:37+00:00\" \/>\n<meta name=\"twitter:card\" content=\"summary_large_image\" \/>\n<meta name=\"twitter:label1\" content=\"Tiempo de lectura\" \/>\n\t<meta name=\"twitter:data1\" content=\"3 minutos\" \/>\n<script type=\"application\/ld+json\" class=\"yoast-schema-graph\">{\"@context\":\"https:\/\/schema.org\",\"@graph\":[{\"@type\":\"WebPage\",\"@id\":\"https:\/\/hersteragarden.com\/shop\/declaracion-de-accesibilidad\/\",\"url\":\"https:\/\/hersteragarden.com\/shop\/declaracion-de-accesibilidad\/\",\"name\":\"Declaraci\u00f3n de accesibilidad - Herstera\",\"isPartOf\":{\"@id\":\"https:\/\/hersteragarden.com\/shop\/#website\"},\"datePublished\":\"2023-04-26T12:47:21+00:00\",\"dateModified\":\"2025-06-16T14:27:37+00:00\",\"breadcrumb\":{\"@id\":\"https:\/\/hersteragarden.com\/shop\/declaracion-de-accesibilidad\/#breadcrumb\"},\"inLanguage\":\"es\",\"potentialAction\":[{\"@type\":\"ReadAction\",\"target\":[\"https:\/\/hersteragarden.com\/shop\/declaracion-de-accesibilidad\/\"]}]},{\"@type\":\"BreadcrumbList\",\"@id\":\"https:\/\/hersteragarden.com\/shop\/declaracion-de-accesibilidad\/#breadcrumb\",\"itemListElement\":[{\"@type\":\"ListItem\",\"position\":1,\"name\":\"Portada\",\"item\":\"https:\/\/hersteragarden.com\/shop\/\"},{\"@type\":\"ListItem\",\"position\":2,\"name\":\"Declaraci\u00f3n de accesibilidad\"}]},{\"@type\":\"WebSite\",\"@id\":\"https:\/\/hersteragarden.com\/shop\/#website\",\"url\":\"https:\/\/hersteragarden.com\/shop\/\",\"name\":\"Herstera\",\"description\":\"Passion for pottery\",\"publisher\":{\"@id\":\"https:\/\/hersteragarden.com\/shop\/#organization\"},\"potentialAction\":[{\"@type\":\"SearchAction\",\"target\":{\"@type\":\"EntryPoint\",\"urlTemplate\":\"https:\/\/hersteragarden.com\/shop\/?s={search_term_string}\"},\"query-input\":{\"@type\":\"PropertyValueSpecification\",\"valueRequired\":true,\"valueName\":\"search_term_string\"}}],\"inLanguage\":\"es\"},{\"@type\":\"Organization\",\"@id\":\"https:\/\/hersteragarden.com\/shop\/#organization\",\"name\":\"Herstera\",\"url\":\"https:\/\/hersteragarden.com\/shop\/\",\"logo\":{\"@type\":\"ImageObject\",\"inLanguage\":\"es\",\"@id\":\"https:\/\/hersteragarden.com\/shop\/#\/schema\/logo\/image\/\",\"url\":\"https:\/\/hersteragarden.com\/shop\/wp-content\/uploads\/2023\/03\/herstera-logo-1.svg\",\"contentUrl\":\"https:\/\/hersteragarden.com\/shop\/wp-content\/uploads\/2023\/03\/herstera-logo-1.svg\",\"width\":100,\"height\":100,\"caption\":\"Herstera\"},\"image\":{\"@id\":\"https:\/\/hersteragarden.com\/shop\/#\/schema\/logo\/image\/\"},\"sameAs\":[\"https:\/\/www.facebook.com\/p\/Herstera-Garden-SL-100069356703579\/?locale=es_ES\"]}]}<\/script>\n<!-- \/ Yoast SEO plugin. -->","yoast_head_json":{"title":"Declaraci\u00f3n de accesibilidad - Herstera","robots":{"index":"noindex","follow":"nofollow"},"og_locale":"es_ES","og_type":"article","og_title":"Declaraci\u00f3n de accesibilidad - Herstera","og_description":"HERSTERA GARDEN, S.L. se compromete en hacer accesible su sitio web de conformidad con el Real Decreto 1112\/2018, sobre accesibilidad","og_url":"https:\/\/hersteragarden.com\/shop\/declaracion-de-accesibilidad\/","og_site_name":"Herstera","article_publisher":"https:\/\/www.facebook.com\/p\/Herstera-Garden-SL-100069356703579\/?locale=es_ES","article_modified_time":"2025-06-16T14:27:37+00:00","twitter_card":"summary_large_image","twitter_misc":{"Tiempo de lectura":"3 minutos"},"schema":{"@context":"https:\/\/schema.org","@graph":[{"@type":"WebPage","@id":"https:\/\/hersteragarden.com\/shop\/declaracion-de-accesibilidad\/","url":"https:\/\/hersteragarden.com\/shop\/declaracion-de-accesibilidad\/","name":"Declaraci\u00f3n de accesibilidad - Herstera","isPartOf":{"@id":"https:\/\/hersteragarden.com\/shop\/#website"},"datePublished":"2023-04-26T12:47:21+00:00","dateModified":"2025-06-16T14:27:37+00:00","breadcrumb":{"@id":"https:\/\/hersteragarden.com\/shop\/declaracion-de-accesibilidad\/#breadcrumb"},"inLanguage":"es","potentialAction":[{"@type":"ReadAction","target":["https:\/\/hersteragarden.com\/shop\/declaracion-de-accesibilidad\/"]}]},{"@type":"BreadcrumbList","@id":"https:\/\/hersteragarden.com\/shop\/declaracion-de-accesibilidad\/#breadcrumb","itemListElement":[{"@type":"ListItem","position":1,"name":"Portada","item":"https:\/\/hersteragarden.com\/shop\/"},{"@type":"ListItem","position":2,"name":"Declaraci\u00f3n de accesibilidad"}]},{"@type":"WebSite","@id":"https:\/\/hersteragarden.com\/shop\/#website","url":"https:\/\/hersteragarden.com\/shop\/","name":"Herstera","description":"Passion for pottery","publisher":{"@id":"https:\/\/hersteragarden.com\/shop\/#organization"},"potentialAction":[{"@type":"SearchAction","target":{"@type":"EntryPoint","urlTemplate":"https:\/\/hersteragarden.com\/shop\/?s={search_term_string}"},"query-input":{"@type":"PropertyValueSpecification","valueRequired":true,"valueName":"search_term_string"}}],"inLanguage":"es"},{"@type":"Organization","@id":"https:\/\/hersteragarden.com\/shop\/#organization","name":"Herstera","url":"https:\/\/hersteragarden.com\/shop\/","logo":{"@type":"ImageObject","inLanguage":"es","@id":"https:\/\/hersteragarden.com\/shop\/#\/schema\/logo\/image\/","url":"https:\/\/hersteragarden.com\/shop\/wp-content\/uploads\/2023\/03\/herstera-logo-1.svg","contentUrl":"https:\/\/hersteragarden.com\/shop\/wp-content\/uploads\/2023\/03\/herstera-logo-1.svg","width":100,"height":100,"caption":"Herstera"},"image":{"@id":"https:\/\/hersteragarden.com\/shop\/#\/schema\/logo\/image\/"},"sameAs":["https:\/\/www.facebook.com\/p\/Herstera-Garden-SL-100069356703579\/?locale=es_ES"]}]}},"_links":{"self":[{"href":"https:\/\/hersteragarden.com\/shop\/wp-json\/wp\/v2\/pages\/4372","targetHints":{"allow":["GET"]}}],"collection":[{"href":"https:\/\/hersteragarden.com\/shop\/wp-json\/wp\/v2\/pages"}],"about":[{"href":"https:\/\/hersteragarden.com\/shop\/wp-json\/wp\/v2\/types\/page"}],"author":[{"embeddable":true,"href":"https:\/\/hersteragarden.com\/shop\/wp-json\/wp\/v2\/users\/13280"}],"replies":[{"embeddable":true,"href":"https:\/\/hersteragarden.com\/shop\/wp-json\/wp\/v2\/comments?post=4372"}],"version-history":[{"count":0,"href":"https:\/\/hersteragarden.com\/shop\/wp-json\/wp\/v2\/pages\/4372\/revisions"}],"wp:attachment":[{"href":"https:\/\/hersteragarden.com\/shop\/wp-json\/wp\/v2\/media?parent=4372"}],"curies":[{"name":"wp","href":"https:\/\/api.w.org\/{rel}","templated":true}]}}